r(u). Let t(o) = 13*o**3 + o**2 - 1. What is t(b)?
-13
Let o = -224 - -227. Suppose u + 1 = 3*p, 2*u - p = -0*u + o. Let w(l) = -2*l**2 + l - 1. Give w(u).
-7
Suppose 32 = f + 3*v, -5*f + 11*v + 104 = 12*v. Suppose -4*q - 65 = -4*m + q, f = -4*q. Let l(k) = -k + 8. Give l(m).
-2
Let o(s) = -s**2 + 14*s + 5. Let v be o(14). Let k(d) be the second derivative of 0 + 1/2*d**4 - 1/20*d**v - 10*d - d**2 + 0*d**3. Give k(6).
-2
Let m(l) be the second derivative of 0 - 214*l - 2/3*l**3 - 2*l**2. Determine m(4).
-20
Let f(l) be the first derivative of l**3/3 - 3*l**2 + 15*l - 2466. Determine f(7).
22
Let c(x) = -x**3 + 2*x**2 + 2*x - 6. Let o(a) = 4*a**3 - 13*a**2 - 8*a + 46. Let i(v) = -7*c(v) - o(v). What is i(3)?
50
Let z be (18/(-21))/((-2)/112). Let i = -44 + z. Suppose -5*d + 5 = i*b - 15, -4*b - 20 = -5*d. Let x(n) = n**2 - n - 10. Determine x(b).
-10
Let z(o) = -o**3 + 4*o**2 + 5*o - 2. Let b(r) = 1. Let a(k) = -3*b(k) + z(k). Suppose 136*n = -3199 + 3879. Calculate a(n).
-5
Let y(c) be the first derivative of -c**2/2 - 6774. Determine y(-9).
9
Let b(t) be the third derivative of -t**7/840 - t**6/45 - t**5/20 + 5*t**4/24 + 127*t**3/6 - 159*t**2. Let p(s) be the first derivative of b(s). What is p(-5)?
-40
Let k be (56 + -54)*(0 - (-18)/(-12)). Let y(j) = j**3 - j**2 - 4*j + 12. What is y(k)?
-12
Let n(a) = -7*a**2 + a + 1. Let u(q) = 12*q**2 - 2*q - 2. Let k(t) = -7*n(t) - 4*u(t). What is k(-3)?
7
Suppose -28 = -7*l, -36*l = -3*m - 33*l - 45. Let r(g) = -g**2 - 4*g + 24. Determine r(m).
-53
Let t(j) = -35*j + 77. Let y(b) = -17*b + 37. Let x(a) = 3*t(a) - 7*y(a). Determine x(2).
0
Let m(v) = 112*v + 14 - 113*v - 7 + 8. Suppose 10 = 2*i - i. Let h be m(i). Let n(a) = a - 5. Give n(h).
0
Let y(o) = o**3 + 3*o**2 - 4*o - 1. Suppose -4*w + 6 = -2*g, 0 = 5*g - 19*w + 24*w + 15. Determine y(g).
11
Let k = -29590 + 29575. Let d(q) = -q**2 - 11*q + 76. Determine d(k).
16
Suppose 5*t = 5*v + 70, -4*t + 6*v + 61 = v. Suppose -4*z = -z + t. Let l(u) = 8*u + 11*u + 0 - 34*u + 14*u - 4. Determine l(z).
-1
Let v(j) = -4*j - 25. Let g(y) be the first derivative of -11*y**2/2 - 69*y + 337. Let x(q) = -3*g(q) + 8*v(q). What is x(-4)?
3
Let r(o) = -26*o**3 + 3*o**2 - 23*o + 94. Let c(k) = -33*k**3 + 4*k**2 - 29*k + 119. Let p(w) = -11*c(w) + 14*r(w). What is p(0)?
7
Let u(g) be the second derivative of g**4/12 - 5*g**3/6 - 7*g**2/2 - 2*g. Let s(k) = -7*k**2 - 71*k + 162. Let w be s(-12). Give u(w).
-1
Let l(d) be the second derivative of d**3/6 + 19*d**2/2 + 6429*d. Calculate l(8).
27
Let w(d) = -19*d**2 + 4*d + 3. Let o(t) = 3*t**2 + 1. Let m(s) = -6*o(s) - w(s). Determine m(6).
3
Let d(o) be the first derivative of 115 + 9*o + 1/4*o**4 - 3/2*o**2 - 7/3*o**3. Give d(7).
-12
Let p(v) = 7*v**2 - 14*v - 13. Let b(q) = 11*q**2 - 15*q - 12. Let y(g) = -2*b(g) + 3*p(g). Suppose -49 + 19 = 3*c. Give y(c).
5
Let b be -2 - (160/(-20))/(1 + 0). Let j(c) = 47*c**2 - 86*c**2 - b*c + 40*c**2 + 3. Calculate j(4).
-5
Let f be (21/(-42)*0/1)/1. Suppose -26*q + 27*q + 2 = f. Let j(l) be the first derivative of -l**4/2 - 2*l**3/3 - 2*l**2 - 2*l + 2. Calculate j(q).
14
Let g be ((-118)/3*129/430)/((-1)/(-5)). Let p(l) = -l**3 - 61*l**2 - 119*l - 61. Determine p(g).
-2
Suppose 3*r = 4*c + 1 - 6, 2*c = r + 5. Suppose c*o - 4 = -14. Let d(l) = -2*l + 0 + 4 - 2. Calculate d(o).
6
Let a = -177 - -173. Let s(w) = -6*w + 13. Let h(l) = 17*l - 36. Let q(y) = a*h(y) - 11*s(y). Calculate q(0).
1
Let x(w) be the first derivative of w**3/3 + w**2/2 + w + 43. Let j be -1*(-3 - (1 - 3)) - 5. What is x(j)?
13
Let d(g) = 2*g**2 + 14*g + 22. Let l be d(-5). Let c(j) = 16*j - j**3 - 6*j - 3 - 7*j - 5*j + 4*j**l. Calculate c(5).
-38
Let p(a) be the second derivative of a**4/12 + a**3/6 + 33*a**2/2 - 1470*a. What is p(0)?
33
Let n(b) = -83*b**2 + b**3 + 82*b**2 + 0*b**3. Suppose -6*j - 1 + 31 = 0. Let k(m) = 3*m - 15. Let w be k(j). Calculate n(w).
0
Let c(v) = -3*v. Let q(a) = -1. Let o(d) = -d**2 - 8*d + 6. Let s(j) = o(j) + 6*q(j). Let n(x) = -4*c(x) + s(x). Calculate n(5).
-5
Let k be (2 - 124/20)*(-5 - 0). Suppose -16*o = 37 - k. Let i(v) = -1 - 2*v + v**2 - v**2 - 17*v**3. Determine i(o).
18
Let g(i) = -3*i - 2. Let r(h) = 1. Let b(s) = g(s) + 2*r(s). Let u(d) = 5*d + 2. Let l(t) = -66*t - 10. Let k(o) = 2*l(o) + 26*u(o). Let v be k(17). Give b(v).
6
Let w(f) = -92*f + 106. Let a be w(-30). Let m(l) = -6*l - 2866 + a. Give m(-2).
12
Let t(b) be the second derivative of -166*b + 1/3*b**4 - 1/20*b**5 + 0*b**2 + 0 - 1/3*b**3. Calculate t(5).
-35
Suppose -36 = -9*t - 9*t. Let a(y) = -16 + 0*y - y**t - 3*y + 15. What is a(-5)?
-11
Let m be (63/49)/(-9)*-21. Let i be m + 4 + -7 - (-60)/(-6). Let l(a) = -a**2 - 11*a + 7. Calculate l(i).
17
Let j(h) be the first derivative of -h**6/180 + h**5/30 + h**4/8 - 106*h**3/3 + 108. Let f(r) be the third derivative of j(r). Calculate f(-2).
-13
Let c(q) = -4*q**2 - 31*q + 100. Let p(n) = -10*n**2 - 93*n + 272. Let j(m) = -8*c(m) + 3*p(m). What is j(16)?
32
Let o(q) = q**3 + 11*q**2 - 14*q + 24. Let z be (-574)/(-123)*(-27)/(-21)*-2. Determine o(z).
48
Let y = 25 - 27. Let b(a) = 3033 - 3033 + a**2 - 3*a**3 + 2*a. Determine b(y).
24
Let f(d) be the first derivative of d**4/4 + 5*d**3/3 - 9*d**2/2 - 2*d + 431. Give f(-6).
16
Let t = -15318 - -15307. Let k(r) = 36*r + 386. Determine k(t).
-10
Let h(r) be the second derivative of -r**4/12 + 4*r**3/3 - 25*r**2 + 26*r. Let b(m) be the first derivative of h(m). Determine b(-7).
22
Let q(r) = 8*r - 1. Let v(k) = -111*k + 33. Let o(n) = -29*q(n) - 2*v(n). Determine o(-8).
43
Let a(w) = w**2 + w - 18. Let h be a(-5). Suppose 0*p - p + 5*i = 13, -5*p - h = -4*i. Let x(g) = 2*g**3 - 12 + 25 - 14 + 5*g**p + 3*g. Calculate x(-3).
-19
Let y(s) = -2*s - 1. Let x(v) = 87 + 5*v + 80 - 169. Let c be x(1). Determine y(c).
-7
Let q(r) = 12 + 4*r + 2*r - r - r. Let k = -8753 - -8748. Determine q(k).
-8
Suppose 5*g + 35 = -5*y, -7*y - 4*g - 4 = -9*y. Let w(v) = 22*v + 8. What is w(y)?
-80
Let a(n) be the second derivative of 9/2*n**2 + 0 + 1/6*n**3 + 5*n. Calculate a(-10).
-1
Let p(a) be the third derivative of a**6/120 + a**5/20 - a**4/8 + 5*a**3/6 - 7*a**2 + 3. Suppose -10*k + 183 = 33. Let x be k/(-3) + 3 - 2. What is p(x)?
1
Let g(u) be the third derivative of -1/120*u**6 + 4*u**2 + 5 + 0*u**3 - 1/8*u**4 + 1/15*u**5 + 0*u. Determine g(4).
-12
Let q(g) = g**2 + 27*g + 180. Let t be q(-16). Let n(o) = 48*o**3 - 25*o - 47*o**3 + 23*o + t*o**2 - 2. Calculate n(-4).
6
Let s = -2 - -5. Let x(k) = -2*k - 13. Let p(u) = -10497*u - 14 - 15 - 4 + 10494*u. Let q(l) = -2*p(l) + 5*x(l). What is q(s)?
-11
Let h(y) be the third derivative of -6*y**2 + 5/6*y**3 - 1/120*y**6 + 1/60*y**5 - 3*y + 0 + 0*y**4. Determine h(0).
5
Let r(i) = 16*i + 3. Let s(z) = z**3 - 6*z**2 + 33*z - 137. Let o be s(5). Give r(o).
51
Let w(y) be the second derivative of -4*y**2 + 0 + 138*y - 1/6*y**3. Determine w(-8).
0
Let v(k) be the second derivative of -k**5/5 + k**3/3 - k**2/2 - 3*k - 65. Calculate v(1).
-3
Let s(b) be the first derivative of -b**3/3 + 3*b**2 - 10*b - 15. Suppose -4*n - 27 = -5*c + 10, 0 = -3*c - 2*n + 31. Give s(c).
-37
Let w(z) = -14 + z**2 - 116*z - 112*z + 241*z. Let k be (-70)/5 - (-1 + -2). Give w(k).
-36
Let r(f) be the second derivative of -7*f**3/6 + f**2/2 + 54*f. Let i = 68 - 46. Let x = i - 24. Determine r(x).
15
Let h(p) be the first derivative of -25*p**2/2 + 161*p - 152. Let o be h(6). Let f(q) = -q**3 + 10*q**2 + 10*q + 9. Give f(o).
-2
Suppose 0 = -19*u + 5*u + 154. Let v be u*2 + (-14 - -9). Suppose -v = 5*b + 8. Let n(j) = -j - 6. What is n(b)?
-1
Let a(v) = -2*v**3 + v - 1. Suppose 25*x + 183 = -192. Let t(f) = f**3 - 11*f**2 - 10*f + 6. Let c be t(7). Let h be x/(-13) - (-40)/c. What is a(h)?
-2
Suppose -2*w + w + 6*w = 0. Suppose w*i - 3*i + 4*x = 4, 19 = -3*i + x. Let v be i/(-10)*40/(-16). Let c(f) = f**3 + 5*f**2 + 3*f + 3. Calculate c(v).
9
Let o be 4*(-5)/(-80)*12. Let y(l) = 3*l**2 - 2*l + 1. Let m(i) = -2*i**2 + 2*i - 2. Let s(p) = o*y(p) + 4*m(p). Let b be 1/4 - (-63)/(-12). Determine s(b).
10
Suppose -6*r = -6*r + r + 6. Let u(z) = -z**2 - 15*z - 67. Give u(r).
-13
Let q(t) = -3*t**2 - 9*t. Let h(w) = -2*w**2 - 5*w. Let n(v) = -5*h(v) + 3*q(v). Suppose 0 = 41*a - 66*a. Give n(a).
0
Let l(r) = -r**2 + 5*r. Let s